{"id":25,"date":"2016-07-28T20:39:45","date_gmt":"2016-07-28T20:39:45","guid":{"rendered":"http:\/\/tdt.com.gt\/tdt\/?page_id=25"},"modified":"2016-08-11T18:43:26","modified_gmt":"2016-08-11T18:43:26","slug":"transporte-terrestre","status":"publish","type":"page","link":"https:\/\/tdt.com.gt\/tdt\/transporte-terrestre\/","title":{"rendered":"Transporte Terrestre"},"content":{"rendered":"<p>El trayecto o desplazamiento por carretera tiene como fin, normalmente, el transporte de pasajeros o mercanc\u00edas. Seg\u00fan datos aportados por la Uni\u00f3n Europea, el transporte por carretera es el principal medio de desplazamiento en la actualidad, habiendo un veh\u00edculo por cada dos habitantes en Europa.<\/p>\n<p><img loading=\"lazy\" decoding=\"async\" class=\"size-medium wp-image-29 img-responsive aligncenter\" src=\"https:\/\/tdt.com.gt\/tdt\/wp-content\/uploads\/2016\/07\/truck-300x200.jpg\" alt=\"truck\" width=\"300\" height=\"200\" srcset=\"https:\/\/tdt.com.gt\/tdt\/wp-content\/uploads\/2016\/07\/truck-300x200.jpg 300w, https:\/\/tdt.com.gt\/tdt\/wp-content\/uploads\/2016\/07\/truck-768x512.jpg 768w, https:\/\/tdt.com.gt\/tdt\/wp-content\/uploads\/2016\/07\/truck-1024x683.jpg 1024w, https:\/\/tdt.com.gt\/tdt\/wp-content\/uploads\/2016\/07\/truck-750x500.jpg 750w, https:\/\/tdt.com.gt\/tdt\/wp-content\/uploads\/2016\/07\/truck.jpg 1920w\" sizes=\"(max-width: 300px) 100vw, 300px\" \/><\/p>\n","protected":false},"excerpt":{"rendered":"<p>El trayecto o desplazamiento por carretera tiene como fin, normalmente, el transporte de pasajeros o mercanc\u00edas. Seg\u00fan datos aportados por la Uni\u00f3n Europea, el transporte por carretera es el principal medio de desplazamiento en la actualidad, habiendo un veh\u00edculo por<\/p>\n","protected":false},"author":1,"featured_media":64,"parent":0,"menu_order":0,"comment_status":"closed","ping_status":"closed","template":"","meta":{"footnotes":""},"_links":{"self":[{"href":"https:\/\/tdt.com.gt\/tdt\/wp-json\/wp\/v2\/pages\/25"}],"collection":[{"href":"https:\/\/tdt.com.gt\/tdt\/wp-json\/wp\/v2\/pages"}],"about":[{"href":"https:\/\/tdt.com.gt\/tdt\/wp-json\/wp\/v2\/types\/page"}],"author":[{"embeddable":true,"href":"https:\/\/tdt.com.gt\/tdt\/wp-json\/wp\/v2\/users\/1"}],"replies":[{"embeddable":true,"href":"https:\/\/tdt.com.gt\/tdt\/wp-json\/wp\/v2\/comments?post=25"}],"version-history":[{"count":2,"href":"https:\/\/tdt.com.gt\/tdt\/wp-json\/wp\/v2\/pages\/25\/revisions"}],"predecessor-version":[{"id":58,"href":"https:\/\/tdt.com.gt\/tdt\/wp-json\/wp\/v2\/pages\/25\/revisions\/58"}],"wp:featuredmedia":[{"embeddable":true,"href":"https:\/\/tdt.com.gt\/tdt\/wp-json\/wp\/v2\/media\/64"}],"wp:attachment":[{"href":"https:\/\/tdt.com.gt\/tdt\/wp-json\/wp\/v2\/media?parent=25"}],"curies":[{"name":"wp","href":"https:\/\/api.w.org\/{rel}","templated":true}]}}